{"id":3,"date":"2023-12-11T09:46:10","date_gmt":"2023-12-11T12:46:10","guid":{"rendered":"http:\/\/envestbitcoin.com\/comprar\/?page_id=3"},"modified":"2026-04-26T20:18:23","modified_gmt":"2026-04-26T23:18:23","slug":"politica-de-privacidade","status":"publish","type":"page","link":"https:\/\/dogecoinbrasil.com.br\/exchange\/politica-de-privacidade\/","title":{"rendered":"Pol\u00edtica de privacidade"},"content":{"rendered":"\t\t<div data-elementor-type=\"wp-page\" data-elementor-id=\"3\" class=\"elementor elementor-3\">\n\t\t\t\t\t\t\t<div class=\"elementor-element elementor-element-2a0fe323 e-flex e-con-boxed e-con e-parent\" data-id=\"2a0fe323\" data-element_type=\"container\" data-settings=\"{&quot;content_width&quot;:&quot;boxed&quot;}\" data-core-v316-plus=\"true\">\n\t\t\t\t\t<div class=\"e-con-inner\">\n\t\t\t\t<div class=\"elementor-element elementor-element-5e2267ef elementor-widget elementor-widget-text-editor\" data-id=\"5e2267ef\" data-element_type=\"widget\" data-widget_type=\"text-editor.default\">\n\t\t\t\t<div class=\"elementor-widget-container\">\n\t\t\t<style>\/*! elementor - v3.18.0 - 08-12-2023 *\/\n.elementor-widget-text-editor.elementor-drop-cap-view-stacked .elementor-drop-cap{background-color:#69727d;color:#fff}.elementor-widget-text-editor.elementor-drop-cap-view-framed .elementor-drop-cap{color:#69727d;border:3px solid;background-color:transparent}.elementor-widget-text-editor:not(.elementor-drop-cap-view-default) .elementor-drop-cap{margin-top:8px}.elementor-widget-text-editor:not(.elementor-drop-cap-view-default) .elementor-drop-cap-letter{width:1em;height:1em}.elementor-widget-text-editor .elementor-drop-cap{float:left;text-align:center;line-height:1;font-size:50px}.elementor-widget-text-editor .elementor-drop-cap-letter{display:inline-block}<\/style>\t\t\t\t<p data-start=\"190\" data-end=\"237\"><strong data-start=\"190\" data-end=\"235\">Pol\u00edtica de Privacidade &#8211; DogeCoin Brasil<\/strong><\/p>\n<p data-start=\"239\" data-end=\"271\">\u00daltima atualiza\u00e7\u00e3o: 10\/10\/2023<\/p>\n<p data-start=\"273\" data-end=\"677\">A <strong data-start=\"275\" data-end=\"294\">DogeCoin Brasil<\/strong> reconhece a import\u00e2ncia da privacidade de seus clientes e se compromete a garantir a prote\u00e7\u00e3o das informa\u00e7\u00f5es fornecidas durante a utiliza\u00e7\u00e3o de nossos servi\u00e7os. Este documento descreve nossa pol\u00edtica de privacidade, esclarecendo como coletamos, utilizamos e protegemos os dados pessoais. Ao acessar ou utilizar nossos servi\u00e7os, voc\u00ea concorda com os termos descritos nesta pol\u00edtica.<\/p>\n<ol data-start=\"679\" data-end=\"1870\">\n<li data-section-id=\"a6z5hf\" data-start=\"679\" data-end=\"965\"><strong data-start=\"682\" data-end=\"708\">Informa\u00e7\u00f5es Coletadas:<\/strong><br data-start=\"708\" data-end=\"711\" \/>N\u00e3o coletamos informa\u00e7\u00f5es durante o cadastro em nossa plataforma, tais como nome, endere\u00e7o de e-mail e informa\u00e7\u00f5es de pagamento. Podemos utilizar cookies para aprimorar sua experi\u00eancia de navega\u00e7\u00e3o, mas voc\u00ea pode configurar seu navegador para recus\u00e1-los.<\/li>\n<li data-section-id=\"jur00m\" data-start=\"967\" data-end=\"1238\"><strong data-start=\"970\" data-end=\"994\">Uso das Informa\u00e7\u00f5es:<\/strong><br data-start=\"994\" data-end=\"997\" \/>Utilizamos suas informa\u00e7\u00f5es para processar transa\u00e7\u00f5es, fornecer suporte ao cliente, personalizar sua experi\u00eancia e enviar comunica\u00e7\u00f5es relacionadas aos nossos servi\u00e7os. N\u00e3o compartilhamos suas informa\u00e7\u00f5es com terceiros sem seu consentimento.<\/li>\n<li data-section-id=\"19822b3\" data-start=\"1240\" data-end=\"1486\"><strong data-start=\"1243\" data-end=\"1257\">Seguran\u00e7a:<\/strong><br data-start=\"1257\" data-end=\"1260\" \/>Adotamos medidas de seguran\u00e7a para proteger suas informa\u00e7\u00f5es contra acesso n\u00e3o autorizado, altera\u00e7\u00e3o, divulga\u00e7\u00e3o ou destrui\u00e7\u00e3o. Utilizamos criptografia e padr\u00f5es de seguran\u00e7a da ind\u00fastria para garantir a integridade dos dados.<\/li>\n<li data-section-id=\"19fdp3y\" data-start=\"1488\" data-end=\"1692\"><strong data-start=\"1491\" data-end=\"1517\">Acesso e Atualiza\u00e7\u00f5es:<\/strong><br data-start=\"1517\" data-end=\"1520\" \/>Voc\u00ea tem o direito de acessar e corrigir suas informa\u00e7\u00f5es pessoais a qualquer momento. Mantenha seus dados atualizados para garantir a precis\u00e3o das informa\u00e7\u00f5es armazenadas.<\/li>\n<li data-section-id=\"1w1kwik\" data-start=\"1694\" data-end=\"1870\"><strong data-start=\"1697\" data-end=\"1724\">Altera\u00e7\u00f5es na Pol\u00edtica:<\/strong><br data-start=\"1724\" data-end=\"1727\" \/>Reservamo-nos o direito de alterar esta pol\u00edtica periodicamente. Recomendamos revisar regularmente para estar ciente de poss\u00edveis atualiza\u00e7\u00f5es.<\/li>\n<\/ol>\n<p data-start=\"1872\" data-end=\"1916\"><strong data-start=\"1872\" data-end=\"1884\">Contato:<\/strong><br data-start=\"1884\" data-end=\"1887\" \/><a class=\"decorated-link cursor-pointer\" rel=\"noopener\" data-start=\"1887\" data-end=\"1916\">contato@dogecoinbrasil.com.br<\/a><\/p>\t\t\t\t\t\t<\/div>\n\t\t\t\t<\/div>\n\t\t\t\t\t<\/div>\n\t\t\t\t<\/div>\n\t\t\t\t\t\t\t<\/div>\n\t\t","protected":false},"excerpt":{"rendered":"<p>Pol\u00edtica de Privacidade &#8211; DogeCoin Brasil \u00daltima atualiza\u00e7\u00e3o: 10\/10\/2023 A DogeCoin Brasil reconhece a import\u00e2ncia da privacidade de seus clientes e se compromete a garantir a prote\u00e7\u00e3o das informa\u00e7\u00f5es fornecidas durante a utiliza\u00e7\u00e3o de nossos servi\u00e7os. Este documento descreve nossa pol\u00edtica de privacidade, esclarecendo como coletamos, utilizamos e protegemos os dados pessoais. Ao acessar ou [&hellip;]<\/p>\n","protected":false},"author":1,"featured_media":0,"parent":0,"menu_order":0,"comment_status":"closed","ping_status":"open","template":"","meta":{"footnotes":""},"class_list":["post-3","page","type-page","status-publish","hentry"],"_links":{"self":[{"href":"https:\/\/dogecoinbrasil.com.br\/exchange\/wp-json\/wp\/v2\/pages\/3","targetHints":{"allow":["GET"]}}],"collection":[{"href":"https:\/\/dogecoinbrasil.com.br\/exchange\/wp-json\/wp\/v2\/pages"}],"about":[{"href":"https:\/\/dogecoinbrasil.com.br\/exchange\/wp-json\/wp\/v2\/types\/page"}],"author":[{"embeddable":true,"href":"https:\/\/dogecoinbrasil.com.br\/exchange\/wp-json\/wp\/v2\/users\/1"}],"replies":[{"embeddable":true,"href":"https:\/\/dogecoinbrasil.com.br\/exchange\/wp-json\/wp\/v2\/comments?post=3"}],"version-history":[{"count":4,"href":"https:\/\/dogecoinbrasil.com.br\/exchange\/wp-json\/wp\/v2\/pages\/3\/revisions"}],"predecessor-version":[{"id":4248,"href":"https:\/\/dogecoinbrasil.com.br\/exchange\/wp-json\/wp\/v2\/pages\/3\/revisions\/4248"}],"wp:attachment":[{"href":"https:\/\/dogecoinbrasil.com.br\/exchange\/wp-json\/wp\/v2\/media?parent=3"}],"curies":[{"name":"wp","href":"https:\/\/api.w.org\/{rel}","templated":true}]}}